{"id":149,"date":"2016-11-16T18:10:49","date_gmt":"2016-11-16T17:10:49","guid":{"rendered":"http:\/\/localhost\/wordpress\/?page_id=149"},"modified":"2026-01-01T15:22:15","modified_gmt":"2026-01-01T14:22:15","slug":"presentation-du-secteur","status":"publish","type":"page","link":"https:\/\/www.secteur-lafertealais.fr\/index.php\/presentation-du-secteur\/","title":{"rendered":"Pr\u00e9sentation du secteur"},"content":{"rendered":"\t\t<div data-elementor-type=\"wp-page\" data-elementor-id=\"149\" class=\"elementor elementor-149\" data-elementor-post-type=\"page\">\n\t\t\t\t<div class=\"elementor-element elementor-element-1b63d30 e-flex e-con-boxed e-con e-parent\" data-id=\"1b63d30\" data-element_type=\"container\" data-e-type=\"container\" data-settings=\"{&quot;background_background&quot;:&quot;classic&quot;}\">\n\t\t\t\t\t<div class=\"e-con-inner\">\n\t\t\t\t<div class=\"elementor-element elementor-element-7271a8d elementor-widget elementor-widget-heading\" data-id=\"7271a8d\" data-element_type=\"widget\" data-e-type=\"widget\" data-widget_type=\"heading.default\">\n\t\t\t\t<div class=\"elementor-widget-container\">\n\t\t\t\t\t<h2 class=\"elementor-heading-title elementor-size-default\">\nPr\u00e9sentation du secteur\n<\/h2>\t\t\t\t<\/div>\n\t\t\t\t<\/div>\n\t\t\t\t\t<\/div>\n\t\t\t\t<\/div>\n\t\t<div class=\"elementor-element elementor-element-606c40e7 e-flex e-con-boxed e-con e-parent\" data-id=\"606c40e7\" data-element_type=\"container\" data-e-type=\"container\" data-settings=\"{&quot;background_background&quot;:&quot;classic&quot;}\">\n\t\t\t\t\t<div class=\"e-con-inner\">\n\t\t\t\t<div class=\"elementor-element elementor-element-6152a787 elementor-widget elementor-widget-text-editor\" data-id=\"6152a787\" data-element_type=\"widget\" data-e-type=\"widget\" data-widget_type=\"text-editor.default\">\n\t\t\t\t<div class=\"elementor-widget-container\">\n\t\t\t\t\t\t\t\t\t<p>Un des 22 secteurs du dioc\u00e8se, il est compos\u00e9 de 18 paroisses de populations in\u00e9gales.\u00a0 \u00a0 3 d\u2019entre elles d\u00e9passent les 5 000 habitants (Ballancourt, Itteville et Mennecy),\u00a0 \u00a0 4 d\u00e9passent les 2 500 (La Fert\u00e9-Alais, Le Coudray-Montceaux, Cerny, Champcueil).<br \/>Au total le nombre d\u2019habitants s\u2019\u00e9l\u00e8ve \u00e0 plus de 53\u00a0000.<br \/>Situ\u00e9 sur une ligne RER, le secteur regroupe des r\u00e9alit\u00e9s humaines diverses\u00a0; densit\u00e9 urbaine vari\u00e9e, emploi souvent ext\u00e9rieur au secteur, \u00e9crasante majorit\u00e9 d\u2019employeur TPE, activit\u00e9 agricole importante dans le sud, le nord \u00e9tant plus urbanis\u00e9.<\/p><p>Les municipalit\u00e9s du secteur sont g\u00e9n\u00e9ralement bienveillantes envers les paroisses de leur commune.<\/p><p>Les 18 paroisses sont r\u00e9parties en 3 groupements.<\/p>\t\t\t\t\t\t\t\t<\/div>\n\t\t\t\t<\/div>\n\t\t\t\t<div class=\"elementor-element elementor-element-5bdc904 elementor-widget elementor-widget-image\" data-id=\"5bdc904\" data-element_type=\"widget\" data-e-type=\"widget\" data-widget_type=\"image.default\">\n\t\t\t\t<div class=\"elementor-widget-container\">\n\t\t\t\t\t\t\t\t\t\t\t\t\t\t\t<img fetchpriority=\"high\" decoding=\"async\" width=\"1789\" height=\"1663\" src=\"https:\/\/www.secteur-lafertealais.fr\/wp-content\/uploads\/2026\/01\/plan-secteur-LFA-noms2.png\" class=\"attachment-2048x2048 size-2048x2048 wp-image-9827\" alt=\"\" srcset=\"https:\/\/www.secteur-lafertealais.fr\/wp-content\/uploads\/2026\/01\/plan-secteur-LFA-noms2.png 1789w, https:\/\/www.secteur-lafertealais.fr\/wp-content\/uploads\/2026\/01\/plan-secteur-LFA-noms2-300x279.png 300w, https:\/\/www.secteur-lafertealais.fr\/wp-content\/uploads\/2026\/01\/plan-secteur-LFA-noms2-1024x952.png 1024w, https:\/\/www.secteur-lafertealais.fr\/wp-content\/uploads\/2026\/01\/plan-secteur-LFA-noms2-768x714.png 768w, https:\/\/www.secteur-lafertealais.fr\/wp-content\/uploads\/2026\/01\/plan-secteur-LFA-noms2-1536x1428.png 1536w\" sizes=\"(max-width: 1789px) 100vw, 1789px\" \/>\t\t\t\t\t\t\t\t\t\t\t\t\t\t\t<\/div>\n\t\t\t\t<\/div>\n\t\t\t\t<div class=\"elementor-element elementor-element-852db77 elementor-widget elementor-widget-text-editor\" data-id=\"852db77\" data-element_type=\"widget\" data-e-type=\"widget\" data-widget_type=\"text-editor.default\">\n\t\t\t\t<div class=\"elementor-widget-container\">\n\t\t\t\t\t\t\t\t\t<p>Toutes les \u00e9glises sont ouvertes au culte.<br \/>Les pr\u00eatres sont entour\u00e9s de la\u00efcs qui en tant que baptis\u00e9s prennent leurs responsabilit\u00e9s dans l\u2019Eglise (Equipes Animatrices, liturgiques, cat\u00e9ch\u00e8se, aum\u00f4nerie, etc.)<\/p><p>Les diff\u00e9rents services (Pr\u00e9paration au bapt\u00eame, au mariage, cat\u00e9ch\u00e8se, aum\u00f4nerie, etc.) sont assur\u00e9s par une \u00e9quipe de secteur, compos\u00e9e de la\u00efcs accompagn\u00e9s d\u2019un pr\u00eatre.<br \/><a href=\"https:\/\/www.secteur-lafertealais.fr\/index.php\/eps\/\"><strong>L\u2019Equipe Pastorale de Secteur (EPS)<\/strong> <\/a>est un lieu d\u2019\u00e9change d\u2019informations, de discernement, d\u2019\u00e9valuation et de d\u00e9cision.<br \/>Elle est compos\u00e9e de pr\u00eatres, diacre et la\u00efcs.<br \/>Elle se r\u00e9unit une fois par mois.<\/p><p style=\"text-align: left;\">La cat\u00e9ch\u00e8se et l\u2019aum\u00f4nerie sont repr\u00e9sent\u00e9s au sein de l\u2019EPS.<br \/>Cinq pr\u00eatres exercent leur minist\u00e8re sur notre secteur \u00e0 temps plein.<\/p><p>Plusieurs maisons de retraites et un h\u00f4pital (G. Clemenceau \u00e0 Champcueil) sont situ\u00e9s sur le secteur.<\/p>\t\t\t\t\t\t\t\t<\/div>\n\t\t\t\t<\/div>\n\t\t\t\t\t<\/div>\n\t\t\t\t<\/div>\n\t\t\t\t<\/div>\n\t\t","protected":false},"excerpt":{"rendered":"<p>Pr\u00e9sentation du secteur Un des 22 secteurs du dioc\u00e8se, il est compos\u00e9 de 18 paroisses de populations in\u00e9gales.\u00a0 \u00a0 3 d\u2019entre elles d\u00e9passent les 5 000 habitants (Ballancourt, Itteville et Mennecy),\u00a0 \u00a0 4 d\u00e9passent les 2 500 (La Fert\u00e9-Alais, Le Coudray-Montceaux, Cerny, Champcueil).Au total le nombre d\u2019habitants s\u2019\u00e9l\u00e8ve \u00e0 plus de 53\u00a0000.Situ\u00e9 sur une ligne [&hellip;]<\/p>\n","protected":false},"author":1,"featured_media":0,"parent":0,"menu_order":0,"comment_status":"closed","ping_status":"closed","template":"","meta":{"footnotes":""},"class_list":["post-149","page","type-page","status-publish","hentry"],"jetpack_sharing_enabled":true,"_links":{"self":[{"href":"https:\/\/www.secteur-lafertealais.fr\/index.php\/wp-json\/wp\/v2\/pages\/149"}],"collection":[{"href":"https:\/\/www.secteur-lafertealais.fr\/index.php\/wp-json\/wp\/v2\/pages"}],"about":[{"href":"https:\/\/www.secteur-lafertealais.fr\/index.php\/wp-json\/wp\/v2\/types\/page"}],"author":[{"embeddable":true,"href":"https:\/\/www.secteur-lafertealais.fr\/index.php\/wp-json\/wp\/v2\/users\/1"}],"replies":[{"embeddable":true,"href":"https:\/\/www.secteur-lafertealais.fr\/index.php\/wp-json\/wp\/v2\/comments?post=149"}],"version-history":[{"count":36,"href":"https:\/\/www.secteur-lafertealais.fr\/index.php\/wp-json\/wp\/v2\/pages\/149\/revisions"}],"predecessor-version":[{"id":9830,"href":"https:\/\/www.secteur-lafertealais.fr\/index.php\/wp-json\/wp\/v2\/pages\/149\/revisions\/9830"}],"wp:attachment":[{"href":"https:\/\/www.secteur-lafertealais.fr\/index.php\/wp-json\/wp\/v2\/media?parent=149"}],"curies":[{"name":"wp","href":"https:\/\/api.w.org\/{rel}","templated":true}]}}