{"id":256,"date":"2016-11-17T15:59:27","date_gmt":"2016-11-17T14:59:27","guid":{"rendered":"http:\/\/localhost\/wordpress\/?page_id=256"},"modified":"2019-05-18T09:01:11","modified_gmt":"2019-05-18T07:01:11","slug":"funerailles","status":"publish","type":"page","link":"https:\/\/www.secteur-lafertealais.fr\/index.php\/funerailles\/","title":{"rendered":"Fun\u00e9railles"},"content":{"rendered":"<p><img decoding=\"async\" class=\"size-medium wp-image-7223 aligncenter\" src=\"http:\/\/www.secteur-lafertealais.fr\/wp-content\/uploads\/2019\/05\/Fun\u00e9railles-300x99.jpg\" alt=\"\" width=\"300\" height=\"99\" srcset=\"https:\/\/www.secteur-lafertealais.fr\/wp-content\/uploads\/2019\/05\/Fun\u00e9railles-300x99.jpg 300w, https:\/\/www.secteur-lafertealais.fr\/wp-content\/uploads\/2019\/05\/Fun\u00e9railles.jpg 389w\" sizes=\"(max-width: 300px) 100vw, 300px\" \/><br \/>\nIl est important, pour la famille qui perd un \u00eatre cher, d\u2019avoir le soutien de la communaut\u00e9 paroissiale.\u00a0 \u00a0D\u2019abord pour l\u2019accueil fraternel,\u00a0 l\u2019\u00e9coute mais aussi pour pr\u00e9parer ensemble une c\u00e9l\u00e9bration des fun\u00e9railles chr\u00e9tiennes.<\/p>\n<p style=\"text-align: justify;\">Les fonctions seront multiples et partag\u00e9es\u00a0: ouverture\/ fermeture de l\u2019\u00e9glise, m\u00e9nage, installation, musique de fond, pr\u00e9sidence, lectures, animation des chants, orgue, encens\u2026<br \/>\n\u00ab\u00a0 Quand deux ou trois se r\u00e9unissent en mon Nom, Je suis au milieu d\u2019eux\u00a0\u00bb dit le Seigneur , selon St Matthieu. Notre force, c\u2019est le travail d\u2019\u00e9quipe et notre bonne volont\u00e9.<\/p>\n<p>Nous sommes d\u00e9j\u00e0 une dizaine\u00a0: venez nous rejoindre\u00a0!<\/p>\n<p><center><strong>En cas de d\u00e9c\u00e8s d&rsquo;un proche, contacter le\u00a0\u00a0 06 25 24 60 24<\/strong><\/center><\/p>\n","protected":false},"excerpt":{"rendered":"<p>Il est important, pour la famille qui perd un \u00eatre cher, d\u2019avoir le soutien de la communaut\u00e9 paroissiale.\u00a0 \u00a0D\u2019abord pour l\u2019accueil fraternel,\u00a0 l\u2019\u00e9coute mais aussi pour pr\u00e9parer ensemble une c\u00e9l\u00e9bration des fun\u00e9railles chr\u00e9tiennes. Les fonctions seront multiples et partag\u00e9es\u00a0: ouverture\/ fermeture de l\u2019\u00e9glise, m\u00e9nage, installation, musique de fond, pr\u00e9sidence, lectures, animation des chants, orgue, encens\u2026 [&hellip;]<\/p>\n","protected":false},"author":1,"featured_media":0,"parent":0,"menu_order":0,"comment_status":"closed","ping_status":"closed","template":"","meta":{"footnotes":""},"class_list":["post-256","page","type-page","status-publish","hentry"],"jetpack_sharing_enabled":true,"_links":{"self":[{"href":"https:\/\/www.secteur-lafertealais.fr\/index.php\/wp-json\/wp\/v2\/pages\/256"}],"collection":[{"href":"https:\/\/www.secteur-lafertealais.fr\/index.php\/wp-json\/wp\/v2\/pages"}],"about":[{"href":"https:\/\/www.secteur-lafertealais.fr\/index.php\/wp-json\/wp\/v2\/types\/page"}],"author":[{"embeddable":true,"href":"https:\/\/www.secteur-lafertealais.fr\/index.php\/wp-json\/wp\/v2\/users\/1"}],"replies":[{"embeddable":true,"href":"https:\/\/www.secteur-lafertealais.fr\/index.php\/wp-json\/wp\/v2\/comments?post=256"}],"version-history":[{"count":2,"href":"https:\/\/www.secteur-lafertealais.fr\/index.php\/wp-json\/wp\/v2\/pages\/256\/revisions"}],"predecessor-version":[{"id":7224,"href":"https:\/\/www.secteur-lafertealais.fr\/index.php\/wp-json\/wp\/v2\/pages\/256\/revisions\/7224"}],"wp:attachment":[{"href":"https:\/\/www.secteur-lafertealais.fr\/index.php\/wp-json\/wp\/v2\/media?parent=256"}],"curies":[{"name":"wp","href":"https:\/\/api.w.org\/{rel}","templated":true}]}}