{"id":275,"date":"2016-11-17T16:18:45","date_gmt":"2016-11-17T15:18:45","guid":{"rendered":"http:\/\/localhost\/wordpress\/?page_id=275"},"modified":"2025-09-07T10:21:05","modified_gmt":"2025-09-07T08:21:05","slug":"scouts-et-guides-de-france","status":"publish","type":"page","link":"https:\/\/www.secteur-lafertealais.fr\/index.php\/scouts-et-guides-de-france\/","title":{"rendered":"Scouts et guides de France"},"content":{"rendered":"<p><strong>\u00a0<img decoding=\"async\" class=\"alignnone size-full wp-image-7230 aligncenter\" src=\"http:\/\/www.secteur-lafertealais.fr\/wp-content\/uploads\/2019\/05\/Scouts-1.jpg\" alt=\"\" width=\"200\" height=\"115\" \/><\/strong><\/p>\n<p style=\"text-align: justify;\"><strong>\u00a0\u00a0\u00a0\u00a0\u00a0\u00a0 SCOUTS ET GUIDES DE FRANCE &#8211; GROUPE SAINT LUC<\/strong><\/p>\n<p>\u00catre scout de France&#8230;\u00a0\u00a0\u00a0\u00a0 C\u2019est vivre l\u2019aventure et la d\u00e9couverte par des activit\u00e9s qui laissent une large place \u00e0 l\u2019imagination et au jeu, c\u2019est faire des projets qui tiennent la route, c\u2019est apprendre la solidarit\u00e9 et le sens des responsabilit\u00e9s, c\u2019est apprendre \u00e0 regarder l\u2019autre.<br \/>\n<strong>Alors si tu as entre 8 et 21 ans pourquoi pas\u00a0?<br \/>\n<\/strong><br \/>\n\u00catre chef scout de France&#8230;\u00a0\u00a0 C\u2019est accompagner des plus jeunes pour les aider \u00e0 devenir des hommes et des femmes autonomes, bien dans leur corps et dans leur t\u00eate, c\u2019est vivre des activit\u00e9s passionnantes, vari\u00e9es et enrichissantes, c\u2019est agir avec d\u2019autres adultes. Le go\u00fbt du contact avec les jeunes, le d\u00e9sir d\u2019occuper ses loisirs en se rendant utile, le dynamisme sont autant d\u2019atouts pour devenir chef scout de France.<br \/>\n<strong>Alors, pourquoi pas vous ?<br \/>\n<\/strong><br \/>\nNotre groupe offre \u00e0 tous les jeunes de 8 \u00e0 21 ans du secteur, la possibilit\u00e9 de vivre la proposition Scoute et Guides de France dont l&rsquo;objectif est de faire grandir des gar\u00e7ons et des filles pour qu\u2019ils deviennent des hommes et des femmes heureux, utiles, artisans de justice et de paix.<br \/>\nNotre groupe est actuellement compos\u00e9 d&rsquo;une cinquantaine de gar\u00e7ons et de filles venant des 3 secteurs : Vall\u00e9e de la Juine-Etrechy, Br\u00e9tigny et La Fert\u00e9-Alais, et toutes les tranches d&rsquo;\u00e2ge y sont repr\u00e9sent\u00e9es.<\/p>\n<p><center><img decoding=\"async\" class=\"alignnone size-full wp-image-7230\" src=\"http:\/\/www.secteur-lafertealais.fr\/wp-content\/uploads\/2019\/05\/Scouts-1.jpg\" alt=\"\" width=\"200\" height=\"115\" \/><\/center><\/p>\n<p style=\"text-align: center;\"><strong>Scouts et Guides de France<\/strong><\/p>\n<p style=\"text-align: center;\">T\u00e9l\u00e9phone :\u00a0<span dir=\"ltr\">0622130963<\/span><\/p>\n<p style=\"text-align: center;\">Email :\u00a0<a href=\"mailto:sgdf.2rivieres@gmail.com\" target=\"_blank\" rel=\"noopener\">sgdf.2rivieres@gmail.com<\/a><br \/>\nSite :\u00a0<a href=\"https:\/\/sites.sgdf.fr\/2-rivieres-juine-et-essonne\/\" target=\"_blank\" rel=\"noopener\">https:\/\/sites.sgdf.fr\/2-rivieres-juine-et-essonne\/<\/a><\/p>\n<p>&nbsp;<\/p>\n","protected":false},"excerpt":{"rendered":"<p>\u00a0 \u00a0\u00a0\u00a0\u00a0\u00a0\u00a0 SCOUTS ET GUIDES DE FRANCE &#8211; GROUPE SAINT LUC \u00catre scout de France&#8230;\u00a0\u00a0\u00a0\u00a0 C\u2019est vivre l\u2019aventure et la d\u00e9couverte par des activit\u00e9s qui laissent une large place \u00e0 l\u2019imagination et au jeu, c\u2019est faire des projets qui tiennent la route, c\u2019est apprendre la solidarit\u00e9 et le sens des responsabilit\u00e9s, c\u2019est apprendre \u00e0 regarder [&hellip;]<\/p>\n","protected":false},"author":1,"featured_media":0,"parent":0,"menu_order":0,"comment_status":"closed","ping_status":"closed","template":"","meta":{"footnotes":""},"class_list":["post-275","page","type-page","status-publish","hentry"],"jetpack_sharing_enabled":true,"_links":{"self":[{"href":"https:\/\/www.secteur-lafertealais.fr\/index.php\/wp-json\/wp\/v2\/pages\/275"}],"collection":[{"href":"https:\/\/www.secteur-lafertealais.fr\/index.php\/wp-json\/wp\/v2\/pages"}],"about":[{"href":"https:\/\/www.secteur-lafertealais.fr\/index.php\/wp-json\/wp\/v2\/types\/page"}],"author":[{"embeddable":true,"href":"https:\/\/www.secteur-lafertealais.fr\/index.php\/wp-json\/wp\/v2\/users\/1"}],"replies":[{"embeddable":true,"href":"https:\/\/www.secteur-lafertealais.fr\/index.php\/wp-json\/wp\/v2\/comments?post=275"}],"version-history":[{"count":10,"href":"https:\/\/www.secteur-lafertealais.fr\/index.php\/wp-json\/wp\/v2\/pages\/275\/revisions"}],"predecessor-version":[{"id":9601,"href":"https:\/\/www.secteur-lafertealais.fr\/index.php\/wp-json\/wp\/v2\/pages\/275\/revisions\/9601"}],"wp:attachment":[{"href":"https:\/\/www.secteur-lafertealais.fr\/index.php\/wp-json\/wp\/v2\/media?parent=275"}],"curies":[{"name":"wp","href":"https:\/\/api.w.org\/{rel}","templated":true}]}}