{"id":304,"date":"2016-11-18T09:39:42","date_gmt":"2016-11-18T08:39:42","guid":{"rendered":"http:\/\/localhost\/wordpress\/?page_id=304"},"modified":"2017-02-03T13:10:23","modified_gmt":"2017-02-03T12:10:23","slug":"vous-cherchez","status":"publish","type":"page","link":"https:\/\/www.secteur-lafertealais.fr\/index.php\/vous-cherchez\/","title":{"rendered":"Vous recherchez ?"},"content":{"rendered":"<ul>\n<li>\n<h6><a href=\"http:\/\/www.secteur-lafertealais.fr\/index.php\/messes\/\">Messes<\/a><\/h6>\n<\/li>\n<li>\n<h6><a href=\"http:\/\/www.secteur-lafertealais.fr\/index.php\/contacts\/\">Permanences<\/a><\/h6>\n<\/li>\n<\/ul>\n<ul>\n<li>\n<h6><a href=\"http:\/\/www.secteur-lafertealais.fr\/index.php\/bapteme\/\">Bapt\u00eame<\/a><\/h6>\n<\/li>\n<\/ul>\n<ul>\n<li>\n<h6><a href=\"http:\/\/www.secteur-lafertealais.fr\/index.php\/eveil-a-la-foi\/\">Eveil \u00e0 la Foi<\/a><\/h6>\n<\/li>\n<li>\n<h6><a href=\"http:\/\/www.secteur-lafertealais.fr\/index.php\/catechisme\/\">Cat\u00e9chisme<\/a><\/h6>\n<\/li>\n<li>\n<h6><a href=\"http:\/\/www.secteur-lafertealais.fr\/index.php\/mariage\/\">Mariage<\/a><\/h6>\n<\/li>\n<li>\n<h6><a href=\"http:\/\/www.secteur-lafertealais.fr\/index.php\/funerailles\/\">Obs\u00e8ques<\/a><\/h6>\n<h3><\/h3>\n<\/li>\n<\/ul>\n<p><center><\/center><\/p>\n","protected":false},"excerpt":{"rendered":"<p>Messes Permanences Bapt\u00eame Eveil \u00e0 la Foi Cat\u00e9chisme Mariage Obs\u00e8ques<\/p>\n","protected":false},"author":1,"featured_media":0,"parent":0,"menu_order":0,"comment_status":"closed","ping_status":"closed","template":"","meta":{"footnotes":""},"class_list":["post-304","page","type-page","status-publish","hentry"],"jetpack_sharing_enabled":true,"_links":{"self":[{"href":"https:\/\/www.secteur-lafertealais.fr\/index.php\/wp-json\/wp\/v2\/pages\/304"}],"collection":[{"href":"https:\/\/www.secteur-lafertealais.fr\/index.php\/wp-json\/wp\/v2\/pages"}],"about":[{"href":"https:\/\/www.secteur-lafertealais.fr\/index.php\/wp-json\/wp\/v2\/types\/page"}],"author":[{"embeddable":true,"href":"https:\/\/www.secteur-lafertealais.fr\/index.php\/wp-json\/wp\/v2\/users\/1"}],"replies":[{"embeddable":true,"href":"https:\/\/www.secteur-lafertealais.fr\/index.php\/wp-json\/wp\/v2\/comments?post=304"}],"version-history":[{"count":5,"href":"https:\/\/www.secteur-lafertealais.fr\/index.php\/wp-json\/wp\/v2\/pages\/304\/revisions"}],"predecessor-version":[{"id":1017,"href":"https:\/\/www.secteur-lafertealais.fr\/index.php\/wp-json\/wp\/v2\/pages\/304\/revisions\/1017"}],"wp:attachment":[{"href":"https:\/\/www.secteur-lafertealais.fr\/index.php\/wp-json\/wp\/v2\/media?parent=304"}],"curies":[{"name":"wp","href":"https:\/\/api.w.org\/{rel}","templated":true}]}}