{"id":414,"date":"2016-11-20T08:48:14","date_gmt":"2016-11-20T07:48:14","guid":{"rendered":"http:\/\/localhost\/wordpress\/?page_id=414"},"modified":"2019-05-18T09:44:45","modified_gmt":"2019-05-18T07:44:45","slug":"paroisse-de-fontenay-le-vicomte","status":"publish","type":"page","link":"https:\/\/www.secteur-lafertealais.fr\/index.php\/paroisse-de-fontenay-le-vicomte\/","title":{"rendered":"Paroisse de FONTENAY LE VICOMTE"},"content":{"rendered":"<p>Population : 1298 habitants en 2007 (source insee)<\/p>\n<p style=\"text-align: left;\"><a href=\"http:\/\/www.secteur-lafertealais.fr\/index.php\/messes\/\" target=\"_blank\" rel=\"noopener\">Messes<\/a><\/p>\n<p style=\"text-align: center;\">EGLISE SAINT REMI<br \/>\n<img fetchpriority=\"high\" decoding=\"async\" class=\"size-medium wp-image-7238 aligncenter\" src=\"http:\/\/www.secteur-lafertealais.fr\/wp-content\/uploads\/2019\/05\/eglise_fontenay-300x225.jpg\" alt=\"\" width=\"300\" height=\"225\" srcset=\"https:\/\/www.secteur-lafertealais.fr\/wp-content\/uploads\/2019\/05\/eglise_fontenay-300x225.jpg 300w, https:\/\/www.secteur-lafertealais.fr\/wp-content\/uploads\/2019\/05\/eglise_fontenay.jpg 320w\" sizes=\"(max-width: 300px) 100vw, 300px\" \/><br \/>\nLe d\u00e9but de la construction de l&rsquo;\u00e9glise Saint R\u00e9mi date du 12e si\u00e8cle ; elle est dot\u00e9e d&rsquo;un beau clocher \u00e0 trois \u00e9tages. La nef est lambriss\u00e9e et le ch\u0153ur a une vo\u00fbte sur crois\u00e9e d&rsquo;ogives primitives, la cl\u00e9 de vo\u00fbte est form\u00e9e d&rsquo;une main b\u00e9nissant.<br \/>\nL&rsquo;\u00e9glise a \u00e9t\u00e9 class\u00e9e monument historique en 1992.<\/p>\n<p style=\"text-align: justify;\">L&rsquo;\u00e9glise Saint R\u00e9mi est une \u00e9glise pleine de souvenirs qui a \u00e9t\u00e9 probablement construite au fil du temps, en fonction des moyens disponibles.<\/p>\n<p style=\"text-align: justify;\">L&rsquo;abb\u00e9 Cauvigny, cur\u00e9 de Ballancourt de 1894 \u00e0 1914, notait que : \u00ab Il est connu que jadis, il \u00e9tait d&rsquo;ordinaire que le clerg\u00e9 fit les frais du sanctuaire, la noblesse celle du ch\u0153ur et des chapelles o\u00f9 les fondateurs gardaient le droit d&rsquo;inhumation , quant au peuple , il payait la nef.<br \/>\nLa pauvret\u00e9 des villageois-paysans, vignerons, journaliers, domestiques, fit que la nef fut construite&rsquo; \u00e0 l&rsquo;\u00e9conomie&rsquo;.<\/p>\n<p style=\"text-align: justify;\">La Cloche baptis\u00e9e R\u00e9my date de 1544, ( une plaque indique sa pr\u00e9sence)\u00a0 et est class\u00e9e aussi monument historique en 1992.<\/p>\n<p style=\"text-align: justify;\">Il existe \u00e9galement :<\/p>\n<ul style=\"text-align: justify;\">\n<li>Une dalle fun\u00e9raire d&rsquo;Ad\u00e9la\u00efde de la Honville datant du 14e si\u00e8cle( class\u00e9e monument historique en 1994)<\/li>\n<li>Un groupe sculpt\u00e9, repr\u00e9sentant une Vierge \u00e0 l&rsquo;Enfant et un ange, datant du 15e si\u00e8cle. (Class\u00e9 monument historique en 1994)<\/li>\n<li>La statue d&rsquo;un gisant datant du 14e si\u00e8cle. (Class\u00e9e \u00e9galement monument historique en 1994)<\/li>\n<\/ul>\n<p style=\"text-align: justify;\">L&rsquo;association \u00ab Autour de Saint R\u00e9mi \u00bb travail \u00e0 l&rsquo;\u00e9tude et \u00e0 la restauration de l&rsquo;\u00e9glise.<\/p>\n<p>Pour tout renseignements vous pouvez vous adresser \u00e0 son pr\u00e9sident :<br \/>\nMonsieur Jean-Louis BLETEL Tel :<strong> 01 64 57 00 49<\/strong><\/p>\n","protected":false},"excerpt":{"rendered":"<p>Population : 1298 habitants en 2007 (source insee) Messes EGLISE SAINT REMI Le d\u00e9but de la construction de l&rsquo;\u00e9glise Saint R\u00e9mi date du 12e si\u00e8cle ; elle est dot\u00e9e d&rsquo;un beau clocher \u00e0 trois \u00e9tages. La nef est lambriss\u00e9e et le ch\u0153ur a une vo\u00fbte sur crois\u00e9e d&rsquo;ogives primitives, la cl\u00e9 de vo\u00fbte est form\u00e9e [&hellip;]<\/p>\n","protected":false},"author":1,"featured_media":0,"parent":0,"menu_order":0,"comment_status":"closed","ping_status":"closed","template":"","meta":{"footnotes":""},"class_list":["post-414","page","type-page","status-publish","hentry"],"jetpack_sharing_enabled":true,"_links":{"self":[{"href":"https:\/\/www.secteur-lafertealais.fr\/index.php\/wp-json\/wp\/v2\/pages\/414"}],"collection":[{"href":"https:\/\/www.secteur-lafertealais.fr\/index.php\/wp-json\/wp\/v2\/pages"}],"about":[{"href":"https:\/\/www.secteur-lafertealais.fr\/index.php\/wp-json\/wp\/v2\/types\/page"}],"author":[{"embeddable":true,"href":"https:\/\/www.secteur-lafertealais.fr\/index.php\/wp-json\/wp\/v2\/users\/1"}],"replies":[{"embeddable":true,"href":"https:\/\/www.secteur-lafertealais.fr\/index.php\/wp-json\/wp\/v2\/comments?post=414"}],"version-history":[{"count":4,"href":"https:\/\/www.secteur-lafertealais.fr\/index.php\/wp-json\/wp\/v2\/pages\/414\/revisions"}],"predecessor-version":[{"id":7239,"href":"https:\/\/www.secteur-lafertealais.fr\/index.php\/wp-json\/wp\/v2\/pages\/414\/revisions\/7239"}],"wp:attachment":[{"href":"https:\/\/www.secteur-lafertealais.fr\/index.php\/wp-json\/wp\/v2\/media?parent=414"}],"curies":[{"name":"wp","href":"https:\/\/api.w.org\/{rel}","templated":true}]}}