{"id":426,"date":"2016-11-20T09:19:20","date_gmt":"2016-11-20T08:19:20","guid":{"rendered":"http:\/\/localhost\/wordpress\/?page_id=426"},"modified":"2024-10-24T15:23:17","modified_gmt":"2024-10-24T13:23:17","slug":"paroisse-de-boissy-le-cute","status":"publish","type":"page","link":"https:\/\/www.secteur-lafertealais.fr\/index.php\/paroisse-de-boissy-le-cute\/","title":{"rendered":"Paroisse de BOISSY LE CUTTE"},"content":{"rendered":"<p>Population : 1308 habitants en 2007 ( source insee)<\/p>\n<p><a href=\"http:\/\/www.secteur-lafertealais.fr\/index.php\/messes\/\" target=\"_blank\" rel=\"noopener\">Messes<\/a><\/p>\n<p style=\"text-align: center;\">EGLISE SAINT MICHEL<\/p>\n<p><img fetchpriority=\"high\" decoding=\"async\" class=\"alignnone size-medium wp-image-7247 aligncenter\" src=\"http:\/\/www.secteur-lafertealais.fr\/wp-content\/uploads\/2019\/05\/eglise_boissy-225x300.jpg\" alt=\"\" width=\"225\" height=\"300\" srcset=\"https:\/\/www.secteur-lafertealais.fr\/wp-content\/uploads\/2019\/05\/eglise_boissy-225x300.jpg 225w, https:\/\/www.secteur-lafertealais.fr\/wp-content\/uploads\/2019\/05\/eglise_boissy-768x1024.jpg 768w\" sizes=\"(max-width: 225px) 100vw, 225px\" \/><br \/>\nL&rsquo;Eglise Saint Michel est du XVe et XVIe si\u00e8cle mais fut largement remani\u00e9e en 1890. Elle poss\u00e8de un bas relief armori\u00e9 au dessus de l&rsquo;entr\u00e9e.\u00a0\u00a0\u00a0 Son int\u00e9r\u00eat principal r\u00e9side dans son mobilier :<\/p>\n<ul>\n<li style=\"text-align: justify;\">\n<ul>\n<li>Une statue de saint Jacques du XVIIe si\u00e8cle.<\/li>\n<li>Un tableau repr\u00e9sentant le Christ en croix, copie d&rsquo;une \u0153uvre de Philippe de Champaigne. Ce tableau fut offert par l&#8217;empereur Napol\u00e9on III en 1868.<\/li>\n<li>Deux autres tableaux, l&rsquo;un repr\u00e9sentant l&rsquo;Annonciation et datant du XVIIe si\u00e8cle, l&rsquo;autre la Crucifixion.<\/li>\n<\/ul>\n<p>Il est \u00e0 remarquer \u00e9galement les peintures murales d\u00e9corant le choeur. Des sc\u00e8nes de la vie du Christ sont peintes sur la vo\u00fbte, le sommet de cette derni\u00e8re \u00e9tant orn\u00e9 de m\u00e9daillons aux figures de saints, dont Saint Michel, Saint Luc et Saint Jean.<\/li>\n<\/ul>\n<p>&nbsp;<\/p>\n","protected":false},"excerpt":{"rendered":"<p>Population : 1308 habitants en 2007 ( source insee) Messes EGLISE SAINT MICHEL L&rsquo;Eglise Saint Michel est du XVe et XVIe si\u00e8cle mais fut largement remani\u00e9e en 1890. Elle poss\u00e8de un bas relief armori\u00e9 au dessus de l&rsquo;entr\u00e9e.\u00a0\u00a0\u00a0 Son int\u00e9r\u00eat principal r\u00e9side dans son mobilier : Une statue de saint Jacques du XVIIe si\u00e8cle. Un [&hellip;]<\/p>\n","protected":false},"author":1,"featured_media":0,"parent":0,"menu_order":0,"comment_status":"closed","ping_status":"closed","template":"","meta":{"footnotes":""},"class_list":["post-426","page","type-page","status-publish","hentry"],"jetpack_sharing_enabled":true,"_links":{"self":[{"href":"https:\/\/www.secteur-lafertealais.fr\/index.php\/wp-json\/wp\/v2\/pages\/426"}],"collection":[{"href":"https:\/\/www.secteur-lafertealais.fr\/index.php\/wp-json\/wp\/v2\/pages"}],"about":[{"href":"https:\/\/www.secteur-lafertealais.fr\/index.php\/wp-json\/wp\/v2\/types\/page"}],"author":[{"embeddable":true,"href":"https:\/\/www.secteur-lafertealais.fr\/index.php\/wp-json\/wp\/v2\/users\/1"}],"replies":[{"embeddable":true,"href":"https:\/\/www.secteur-lafertealais.fr\/index.php\/wp-json\/wp\/v2\/comments?post=426"}],"version-history":[{"count":6,"href":"https:\/\/www.secteur-lafertealais.fr\/index.php\/wp-json\/wp\/v2\/pages\/426\/revisions"}],"predecessor-version":[{"id":9083,"href":"https:\/\/www.secteur-lafertealais.fr\/index.php\/wp-json\/wp\/v2\/pages\/426\/revisions\/9083"}],"wp:attachment":[{"href":"https:\/\/www.secteur-lafertealais.fr\/index.php\/wp-json\/wp\/v2\/media?parent=426"}],"curies":[{"name":"wp","href":"https:\/\/api.w.org\/{rel}","templated":true}]}}