{"id":448,"date":"2016-11-20T09:50:12","date_gmt":"2016-11-20T08:50:12","guid":{"rendered":"http:\/\/localhost\/wordpress\/?page_id=448"},"modified":"2019-08-14T14:39:12","modified_gmt":"2019-08-14T12:39:12","slug":"paroisse-de-chevannes","status":"publish","type":"page","link":"https:\/\/www.secteur-lafertealais.fr\/index.php\/paroisse-de-chevannes\/","title":{"rendered":"Paroisse de CHEVANNES"},"content":{"rendered":"<p>Population : 1665 habitants en 2007 (source insee)<\/p>\n<p><a href=\"http:\/\/www.secteur-lafertealais.fr\/index.php\/messes\/\" target=\"_blank\" rel=\"noopener\">Messes<\/a><\/p>\n<p style=\"text-align: center;\">EGLISE SAINT SYMPHORIEN<br \/>\nMesse de la f\u00eate patronale le 16 ao\u00fbt<br \/>\n<img fetchpriority=\"high\" decoding=\"async\" class=\"size-medium wp-image-7275 aligncenter\" src=\"http:\/\/www.secteur-lafertealais.fr\/wp-content\/uploads\/2019\/05\/eglise_chevannes-300x225.jpg\" alt=\"\" width=\"300\" height=\"225\" srcset=\"https:\/\/www.secteur-lafertealais.fr\/wp-content\/uploads\/2019\/05\/eglise_chevannes-300x225.jpg 300w, https:\/\/www.secteur-lafertealais.fr\/wp-content\/uploads\/2019\/05\/eglise_chevannes.jpg 640w\" sizes=\"(max-width: 300px) 100vw, 300px\" \/><\/p>\n<p>L\u2019\u00e9glise a \u00e9t\u00e9 construite au 13e si\u00e8cle et remani\u00e9e aux si\u00e8cles suivants.<br \/>\nElle poss\u00e8de des clefs de vo\u00fbtes et des chapiteaux sculpt\u00e9s.<br \/>\nOn remarquera :<\/p>\n<ul>\n<li style=\"text-align: justify;\">Des bancs et une chaise sculpt\u00e9e qui datent du 18e si\u00e8cle.<\/li>\n<li style=\"text-align: justify;\">Des fonts baptismaux en pierre, du 16e si\u00e8cle.<\/li>\n<li style=\"text-align: justify;\">Un aigle-lutrin du 18e si\u00e8cle.<\/li>\n<li style=\"text-align: justify;\">Une statue dor\u00e9e d\u2019une Vierge \u00e0 l\u2019Enfant du 18e si\u00e8cle.<\/li>\n<\/ul>\n","protected":false},"excerpt":{"rendered":"<p>Population : 1665 habitants en 2007 (source insee) Messes EGLISE SAINT SYMPHORIEN Messe de la f\u00eate patronale le 16 ao\u00fbt L\u2019\u00e9glise a \u00e9t\u00e9 construite au 13e si\u00e8cle et remani\u00e9e aux si\u00e8cles suivants. Elle poss\u00e8de des clefs de vo\u00fbtes et des chapiteaux sculpt\u00e9s. On remarquera : Des bancs et une chaise sculpt\u00e9e qui datent du 18e [&hellip;]<\/p>\n","protected":false},"author":1,"featured_media":0,"parent":0,"menu_order":0,"comment_status":"closed","ping_status":"closed","template":"","meta":{"footnotes":""},"class_list":["post-448","page","type-page","status-publish","hentry"],"jetpack_sharing_enabled":true,"_links":{"self":[{"href":"https:\/\/www.secteur-lafertealais.fr\/index.php\/wp-json\/wp\/v2\/pages\/448"}],"collection":[{"href":"https:\/\/www.secteur-lafertealais.fr\/index.php\/wp-json\/wp\/v2\/pages"}],"about":[{"href":"https:\/\/www.secteur-lafertealais.fr\/index.php\/wp-json\/wp\/v2\/types\/page"}],"author":[{"embeddable":true,"href":"https:\/\/www.secteur-lafertealais.fr\/index.php\/wp-json\/wp\/v2\/users\/1"}],"replies":[{"embeddable":true,"href":"https:\/\/www.secteur-lafertealais.fr\/index.php\/wp-json\/wp\/v2\/comments?post=448"}],"version-history":[{"count":5,"href":"https:\/\/www.secteur-lafertealais.fr\/index.php\/wp-json\/wp\/v2\/pages\/448\/revisions"}],"predecessor-version":[{"id":7336,"href":"https:\/\/www.secteur-lafertealais.fr\/index.php\/wp-json\/wp\/v2\/pages\/448\/revisions\/7336"}],"wp:attachment":[{"href":"https:\/\/www.secteur-lafertealais.fr\/index.php\/wp-json\/wp\/v2\/media?parent=448"}],"curies":[{"name":"wp","href":"https:\/\/api.w.org\/{rel}","templated":true}]}}