{"id":7052,"date":"2019-03-28T14:11:55","date_gmt":"2019-03-28T13:11:55","guid":{"rendered":"http:\/\/www.secteur-lafertealais.fr\/?page_id=7052"},"modified":"2019-03-28T14:11:55","modified_gmt":"2019-03-28T13:11:55","slug":"petits-freres-des-pauvres","status":"publish","type":"page","link":"https:\/\/www.secteur-lafertealais.fr\/index.php\/petits-freres-des-pauvres\/","title":{"rendered":"Petits Fr\u00e8res des Pauvres"},"content":{"rendered":"<p><b>PETITS FR\u00c8RES\u00a0DES PAUVRES \u2013 Vall\u00e9e de l\u2019Essonne<\/b><\/p>\n<p><strong><u>Personnes aid\u00e9es\u00a0:<\/u><\/strong><\/p>\n<ul>\n<li><strong>180 personnes \u00e2g\u00e9es d\u00e9munies ou isol\u00e9es, \u00e0 domicile, en EHPAD ou \u00e0 l\u2019h\u00f4pital de Champcueil<\/strong><\/li>\n<\/ul>\n<p><strong><u>Actions men\u00e9es\u00a0:<\/u><\/strong><\/p>\n<ul>\n<li><strong>visites \u00e0 domicile pour des personnes \u00e2g\u00e9es, isol\u00e9es, malades\u2026<\/strong><\/li>\n<li><strong>animations (repas de No\u00ebl, colis de no\u00ebl\u2026)<\/strong><\/li>\n<li><strong>sorties ou vacances<\/strong><\/li>\n<\/ul>\n<p><strong><u>Composition de l\u2019\u00e9quipe\u00a0:<\/u><\/strong><\/p>\n<ul>\n<li><strong>Responsable\u00a0:\u2013 Jean-Pierre FLORENT \u2013 06 43 88 41 71 \u2013 jp.florent@free.fr<\/strong><\/li>\n<li><strong>60 b\u00e9n\u00e9voles<\/strong><\/li>\n<li><strong>Fait partie de la Fraternit\u00e9 R\u00e9gionale Banlieues Ile de France<\/strong><\/li>\n<\/ul>\n<p><strong><u>Coordonn\u00e9es\u00a0:<\/u><\/strong><\/p>\n<ul>\n<li><strong>25 avenue de Bourbon Busset &#8211; Ballancourt \u2013 01 69 90 37 13<\/strong><\/li>\n<li><strong>valessonne@petitsfreresdespauvres.fr<\/strong><\/li>\n<\/ul>\n<p><strong><u>LIEN\u00a0:<\/u><\/strong><\/p>\n<p><a href=\"https:\/\/www.petitsfreresdespauvres.fr\/nos-actions\">https:\/\/www.petitsfreresdespauvres.fr\/nos-actions<\/a><\/p>\n<p><strong>\u00a0<\/strong><\/p>\n<p><strong><u>\u00a0<\/u><\/strong><\/p>\n<p><strong><u>\u00a0<\/u><\/strong><\/p>\n","protected":false},"excerpt":{"rendered":"<p>PETITS FR\u00c8RES\u00a0DES PAUVRES \u2013 Vall\u00e9e de l\u2019Essonne Personnes aid\u00e9es\u00a0: 180 personnes \u00e2g\u00e9es d\u00e9munies ou isol\u00e9es, \u00e0 domicile, en EHPAD ou \u00e0 l\u2019h\u00f4pital de Champcueil Actions men\u00e9es\u00a0: visites \u00e0 domicile pour des personnes \u00e2g\u00e9es, isol\u00e9es, malades\u2026 animations (repas de No\u00ebl, colis de no\u00ebl\u2026) sorties ou vacances Composition de l\u2019\u00e9quipe\u00a0: Responsable\u00a0:\u2013 Jean-Pierre FLORENT \u2013 06 43 88 [&hellip;]<\/p>\n","protected":false},"author":1,"featured_media":0,"parent":0,"menu_order":0,"comment_status":"closed","ping_status":"closed","template":"","meta":{"footnotes":""},"class_list":["post-7052","page","type-page","status-publish","hentry"],"jetpack_sharing_enabled":true,"_links":{"self":[{"href":"https:\/\/www.secteur-lafertealais.fr\/index.php\/wp-json\/wp\/v2\/pages\/7052"}],"collection":[{"href":"https:\/\/www.secteur-lafertealais.fr\/index.php\/wp-json\/wp\/v2\/pages"}],"about":[{"href":"https:\/\/www.secteur-lafertealais.fr\/index.php\/wp-json\/wp\/v2\/types\/page"}],"author":[{"embeddable":true,"href":"https:\/\/www.secteur-lafertealais.fr\/index.php\/wp-json\/wp\/v2\/users\/1"}],"replies":[{"embeddable":true,"href":"https:\/\/www.secteur-lafertealais.fr\/index.php\/wp-json\/wp\/v2\/comments?post=7052"}],"version-history":[{"count":1,"href":"https:\/\/www.secteur-lafertealais.fr\/index.php\/wp-json\/wp\/v2\/pages\/7052\/revisions"}],"predecessor-version":[{"id":7054,"href":"https:\/\/www.secteur-lafertealais.fr\/index.php\/wp-json\/wp\/v2\/pages\/7052\/revisions\/7054"}],"wp:attachment":[{"href":"https:\/\/www.secteur-lafertealais.fr\/index.php\/wp-json\/wp\/v2\/media?parent=7052"}],"curies":[{"name":"wp","href":"https:\/\/api.w.org\/{rel}","templated":true}]}}