{"id":7061,"date":"2019-03-28T14:16:26","date_gmt":"2019-03-28T13:16:26","guid":{"rendered":"http:\/\/www.secteur-lafertealais.fr\/?page_id=7061"},"modified":"2019-03-28T14:16:26","modified_gmt":"2019-03-28T13:16:26","slug":"collectif-de-solidarite-internationale","status":"publish","type":"page","link":"https:\/\/www.secteur-lafertealais.fr\/index.php\/collectif-de-solidarite-internationale\/","title":{"rendered":"Collectif de Solidarit\u00e9 Internationale"},"content":{"rendered":"<p><strong>COSIVE \u2013 Collectif de Solidarit\u00e9 Internationale du Val d\u2019Essonne<\/strong><\/p>\n<p><strong><u>Personnes aid\u00e9es\u00a0:<\/u><\/strong><\/p>\n<ul>\n<li><strong>Collectif cr\u00e9e en 2004 pour participer \u00e0 la <em>Semaine de la Solidarit\u00e9 Internationale<\/em> (SSI)<\/strong><\/li>\n<li><strong>Regroupe 6 associations\u00a0: A\u00cfGOUMA \/ DDP \u2013 Association Dominicaine D\u00e9veloppement Progr\u00e8s \/ MENNECY \u00c9CHANGES BONI \/ PEUPLES SOLIDAIRES Ballancourt \/ TERRE DES ENFANTS \/ WAKAREYE<\/strong><\/li>\n<\/ul>\n<p><strong><u>Actions en cours\u00a0:<\/u><\/strong><\/p>\n<ul>\n<li><strong>Organisation d\u2019un Forum annuel (SSI) en novembre<\/strong><\/li>\n<li><strong>Interventions en milieu scolaire\u00a0\u2026<\/strong><\/li>\n<\/ul>\n<p><strong><u>Composition de l\u2019\u00e9quipe\u00a0:<\/u><\/strong><\/p>\n<ul>\n<li><strong>Plusieurs paroissiens sont b\u00e9n\u00e9voles dans ce r\u00e9seau<\/strong><\/li>\n<\/ul>\n<p><strong><u>Coordonn\u00e9es\u00a0:<\/u><\/strong><\/p>\n<ul>\n<li><strong>27 avenue Comtesse de Bourbon-Busset \u2013 91610 Ballancourt<\/strong><\/li>\n<\/ul>\n<p><strong><u>LIEN\u00a0:<\/u><\/strong><\/p>\n<p><a href=\"http:\/\/cosive91.weebly.com\/\">http:\/\/cosive91.weebly.com\/<\/a><\/p>\n<p><strong>\u00a0<\/strong><\/p>\n<p><strong>\u00a0<\/strong><\/p>\n","protected":false},"excerpt":{"rendered":"<p>COSIVE \u2013 Collectif de Solidarit\u00e9 Internationale du Val d\u2019Essonne Personnes aid\u00e9es\u00a0: Collectif cr\u00e9e en 2004 pour participer \u00e0 la Semaine de la Solidarit\u00e9 Internationale (SSI) Regroupe 6 associations\u00a0: A\u00cfGOUMA \/ DDP \u2013 Association Dominicaine D\u00e9veloppement Progr\u00e8s \/ MENNECY \u00c9CHANGES BONI \/ PEUPLES SOLIDAIRES Ballancourt \/ TERRE DES ENFANTS \/ WAKAREYE Actions en cours\u00a0: Organisation d\u2019un [&hellip;]<\/p>\n","protected":false},"author":1,"featured_media":0,"parent":0,"menu_order":0,"comment_status":"closed","ping_status":"closed","template":"","meta":{"footnotes":""},"class_list":["post-7061","page","type-page","status-publish","hentry"],"jetpack_sharing_enabled":true,"_links":{"self":[{"href":"https:\/\/www.secteur-lafertealais.fr\/index.php\/wp-json\/wp\/v2\/pages\/7061"}],"collection":[{"href":"https:\/\/www.secteur-lafertealais.fr\/index.php\/wp-json\/wp\/v2\/pages"}],"about":[{"href":"https:\/\/www.secteur-lafertealais.fr\/index.php\/wp-json\/wp\/v2\/types\/page"}],"author":[{"embeddable":true,"href":"https:\/\/www.secteur-lafertealais.fr\/index.php\/wp-json\/wp\/v2\/users\/1"}],"replies":[{"embeddable":true,"href":"https:\/\/www.secteur-lafertealais.fr\/index.php\/wp-json\/wp\/v2\/comments?post=7061"}],"version-history":[{"count":1,"href":"https:\/\/www.secteur-lafertealais.fr\/index.php\/wp-json\/wp\/v2\/pages\/7061\/revisions"}],"predecessor-version":[{"id":7063,"href":"https:\/\/www.secteur-lafertealais.fr\/index.php\/wp-json\/wp\/v2\/pages\/7061\/revisions\/7063"}],"wp:attachment":[{"href":"https:\/\/www.secteur-lafertealais.fr\/index.php\/wp-json\/wp\/v2\/media?parent=7061"}],"curies":[{"name":"wp","href":"https:\/\/api.w.org\/{rel}","templated":true}]}}