{"id":8759,"date":"2024-09-24T00:01:11","date_gmt":"2024-09-23T22:01:11","guid":{"rendered":"https:\/\/www.secteur-lafertealais.fr\/?page_id=8759"},"modified":"2025-09-09T11:20:20","modified_gmt":"2025-09-09T09:20:20","slug":"maternelle-cm2","status":"publish","type":"page","link":"https:\/\/www.secteur-lafertealais.fr\/index.php\/maternelle-cm2\/","title":{"rendered":"Maternelle-CM2"},"content":{"rendered":"\t\t<div data-elementor-type=\"wp-page\" data-elementor-id=\"8759\" class=\"elementor elementor-8759\" data-elementor-post-type=\"page\">\n\t\t\t\t<div class=\"elementor-element elementor-element-c8942a3 e-flex e-con-boxed e-con e-parent\" data-id=\"c8942a3\" data-element_type=\"container\" data-e-type=\"container\">\n\t\t\t\t\t<div class=\"e-con-inner\">\n\t\t\t\t<div class=\"elementor-element elementor-element-2dae876 elementor-widget elementor-widget-heading\" data-id=\"2dae876\" data-element_type=\"widget\" data-e-type=\"widget\" data-widget_type=\"heading.default\">\n\t\t\t\t<div class=\"elementor-widget-container\">\n\t\t\t\t\t<h2 class=\"elementor-heading-title elementor-size-default\">Maternelle -CM2<\/h2>\t\t\t\t<\/div>\n\t\t\t\t<\/div>\n\t\t\t\t\t<\/div>\n\t\t\t\t<\/div>\n\t\t<div class=\"elementor-element elementor-element-fb5159a e-flex e-con-boxed e-con e-parent\" data-id=\"fb5159a\" data-element_type=\"container\" data-e-type=\"container\" data-settings=\"{&quot;background_background&quot;:&quot;classic&quot;}\">\n\t\t\t\t\t<div class=\"e-con-inner\">\n\t\t<div class=\"elementor-element elementor-element-17d437d e-con-full e-flex e-con e-child\" data-id=\"17d437d\" data-element_type=\"container\" data-e-type=\"container\">\n\t\t\t\t<div class=\"elementor-element elementor-element-02d7cf3 elementor-widget elementor-widget-button\" data-id=\"02d7cf3\" data-element_type=\"widget\" data-e-type=\"widget\" data-widget_type=\"button.default\">\n\t\t\t\t<div class=\"elementor-widget-container\">\n\t\t\t\t\t\t\t\t\t<div class=\"elementor-button-wrapper\">\n\t\t\t\t\t<a class=\"elementor-button elementor-button-link elementor-size-sm\" href=\"#eveil\">\n\t\t\t\t\t\t<span class=\"elementor-button-content-wrapper\">\n\t\t\t\t\t\t\t\t\t<span class=\"elementor-button-text\">Eveil \u00e0 la Foi 3-7 ans <\/span>\n\t\t\t\t\t<\/span>\n\t\t\t\t\t<\/a>\n\t\t\t\t<\/div>\n\t\t\t\t\t\t\t\t<\/div>\n\t\t\t\t<\/div>\n\t\t\t\t<div class=\"elementor-element elementor-element-c4df565 elementor-widget elementor-widget-button\" data-id=\"c4df565\" data-element_type=\"widget\" data-e-type=\"widget\" data-widget_type=\"button.default\">\n\t\t\t\t<div class=\"elementor-widget-container\">\n\t\t\t\t\t\t\t\t\t<div class=\"elementor-button-wrapper\">\n\t\t\t\t\t<a class=\"elementor-button elementor-button-link elementor-size-sm\" href=\"#sacrementenfants\">\n\t\t\t\t\t\t<span class=\"elementor-button-content-wrapper\">\n\t\t\t\t\t\t\t\t\t<span class=\"elementor-button-text\">Sacrement enfants<\/span>\n\t\t\t\t\t<\/span>\n\t\t\t\t\t<\/a>\n\t\t\t\t<\/div>\n\t\t\t\t\t\t\t\t<\/div>\n\t\t\t\t<\/div>\n\t\t\t\t<\/div>\n\t\t<div class=\"elementor-element elementor-element-f8a81cb e-con-full e-flex e-con e-child\" data-id=\"f8a81cb\" data-element_type=\"container\" data-e-type=\"container\">\n\t\t<div class=\"elementor-element elementor-element-d3ea2cb e-con-full e-flex e-con e-child\" data-id=\"d3ea2cb\" data-element_type=\"container\" data-e-type=\"container\">\n\t\t\t\t<div class=\"elementor-element elementor-element-1f9821e elementor-widget elementor-widget-button\" data-id=\"1f9821e\" data-element_type=\"widget\" data-e-type=\"widget\" data-widget_type=\"button.default\">\n\t\t\t\t<div class=\"elementor-widget-container\">\n\t\t\t\t\t\t\t\t\t<div class=\"elementor-button-wrapper\">\n\t\t\t\t\t<a class=\"elementor-button elementor-button-link elementor-size-sm\" href=\"#catechisme\">\n\t\t\t\t\t\t<span class=\"elementor-button-content-wrapper\">\n\t\t\t\t\t\t\t\t\t<span class=\"elementor-button-text\">Cat\u00e9chisme CE1-CM2<\/span>\n\t\t\t\t\t<\/span>\n\t\t\t\t\t<\/a>\n\t\t\t\t<\/div>\n\t\t\t\t\t\t\t\t<\/div>\n\t\t\t\t<\/div>\n\t\t\t\t<\/div>\n\t\t<div class=\"elementor-element elementor-element-c65497c e-con-full e-flex e-con e-child\" data-id=\"c65497c\" data-element_type=\"container\" data-e-type=\"container\">\n\t\t\t\t<\/div>\n\t\t\t\t<\/div>\n\t\t\t\t\t<\/div>\n\t\t\t\t<\/div>\n\t\t<div class=\"elementor-element elementor-element-2caf3c7 e-flex e-con-boxed e-con e-parent\" data-id=\"2caf3c7\" data-element_type=\"container\" data-e-type=\"container\">\n\t\t\t\t\t<div class=\"e-con-inner\">\n\t\t\t\t<div class=\"elementor-element elementor-element-e7f01b0 elementor-widget elementor-widget-menu-anchor\" data-id=\"e7f01b0\" data-element_type=\"widget\" data-e-type=\"widget\" data-widget_type=\"menu-anchor.default\">\n\t\t\t\t<div class=\"elementor-widget-container\">\n\t\t\t\t\t\t\t<div class=\"elementor-menu-anchor\" id=\"eveil\"><\/div>\n\t\t\t\t\t\t<\/div>\n\t\t\t\t<\/div>\n\t\t\t\t\t<\/div>\n\t\t\t\t<\/div>\n\t\t<div class=\"elementor-element elementor-element-99a8dc8 e-flex e-con-boxed e-con e-parent\" data-id=\"99a8dc8\" data-element_type=\"container\" data-e-type=\"container\" data-settings=\"{&quot;background_background&quot;:&quot;classic&quot;}\">\n\t\t\t\t\t<div class=\"e-con-inner\">\n\t\t\t\t<div class=\"elementor-element elementor-element-890068b elementor-widget elementor-widget-heading\" data-id=\"890068b\" data-element_type=\"widget\" data-e-type=\"widget\" data-widget_type=\"heading.default\">\n\t\t\t\t<div class=\"elementor-widget-container\">\n\t\t\t\t\t<h2 class=\"elementor-heading-title elementor-size-default\">Eveil \u00e0 la Foi 3-7 ans <\/h2>\t\t\t\t<\/div>\n\t\t\t\t<\/div>\n\t\t\t\t\t<\/div>\n\t\t\t\t<\/div>\n\t\t<div class=\"elementor-element elementor-element-6e6271e e-flex e-con-boxed e-con e-parent\" data-id=\"6e6271e\" data-element_type=\"container\" data-e-type=\"container\">\n\t\t\t\t\t<div class=\"e-con-inner\">\n\t\t<div class=\"elementor-element elementor-element-e8575ab e-con-full e-flex e-con e-child\" data-id=\"e8575ab\" data-element_type=\"container\" data-e-type=\"container\">\n\t\t\t\t<div class=\"elementor-element elementor-element-6acbb27 elementor-widget elementor-widget-text-editor\" data-id=\"6acbb27\" data-element_type=\"widget\" data-e-type=\"widget\" data-widget_type=\"text-editor.default\">\n\t\t\t\t<div class=\"elementor-widget-container\">\n\t\t\t\t\t\t\t\t\t<p>POUR LES ENFANTS DE 3 A 7 ANS ET LEUR FAMILLE.<\/p><p><strong>Le petit enfant est capable de Dieu d\u00e8s son plus jeune \u00e2ge<\/strong><\/p><p>Cinq ou six rencontres dans l&rsquo;ann\u00e9e sont pr\u00e9vues pour les enfants qui ont entre 3 et 7 ans.<\/p><p>Contacts :<br \/>Mennecy :\u00a0 \u00a0Carole VITOUS<br \/>06 51 02 99 93\u00a0 \u00a0cdvitous@gmail.com<\/p><p>Ballancourt : Leslie Maloungila<br \/>06 10 97 78 75<\/p><p>La Fert\u00e9-Alais :\u00a0 Ang\u00e9lique Da EIRAS<br \/>06 82 33 59 37\u00a0 angelique.catechiste@gmail.co<\/p>\t\t\t\t\t\t\t\t<\/div>\n\t\t\t\t<\/div>\n\t\t\t\t<\/div>\n\t\t<div class=\"elementor-element elementor-element-2020ba6 e-con-full e-flex e-con e-child\" data-id=\"2020ba6\" data-element_type=\"container\" data-e-type=\"container\">\n\t\t\t\t<div class=\"elementor-element elementor-element-3b60fe1 elementor-widget elementor-widget-button\" data-id=\"3b60fe1\" data-element_type=\"widget\" data-e-type=\"widget\" data-widget_type=\"button.default\">\n\t\t\t\t<div class=\"elementor-widget-container\">\n\t\t\t\t\t\t\t\t\t<div class=\"elementor-button-wrapper\">\n\t\t\t\t\t<a class=\"elementor-button elementor-button-link elementor-size-sm\" href=\"https:\/\/my.rowshare.com\/survey\/b20c10229ffb405193e6fd56e64fa47e\">\n\t\t\t\t\t\t<span class=\"elementor-button-content-wrapper\">\n\t\t\t\t\t\t\t\t\t<span class=\"elementor-button-text\">Inscription en ligne pour l'\u00e9veil \u00e0 la foi du groupement de Mennecy<\/span>\n\t\t\t\t\t<\/span>\n\t\t\t\t\t<\/a>\n\t\t\t\t<\/div>\n\t\t\t\t\t\t\t\t<\/div>\n\t\t\t\t<\/div>\n\t\t\t\t<\/div>\n\t\t\t\t\t<\/div>\n\t\t\t\t<\/div>\n\t\t<div class=\"elementor-element elementor-element-c74974d e-flex e-con-boxed e-con e-parent\" data-id=\"c74974d\" data-element_type=\"container\" data-e-type=\"container\">\n\t\t\t\t\t<div class=\"e-con-inner\">\n\t\t\t\t<div class=\"elementor-element elementor-element-ae6e496 elementor-widget elementor-widget-shortcode\" data-id=\"ae6e496\" data-element_type=\"widget\" data-e-type=\"widget\" data-widget_type=\"shortcode.default\">\n\t\t\t\t<div class=\"elementor-widget-container\">\n\t\t\t\t\t\t\t<div class=\"elementor-shortcode\"><iframe src=\"https:\/\/calendar.google.com\/calendar\/embed?height=300&wkst=1&ctz=Europe%2FParis&showPrint=0&mode=AGENDA&src=MTlmY2U0NjkxYTQwMmNmNzdjN2Y5YzBiYWJiMDY4ZTk1OThiNTE0NWRkMjFkNjhhMTQ4MDdjZjgyM2M2ZTc5Y0Bncm91cC5jYWxlbmRhci5nb29nbGUuY29t&color=%234285F4\" style=\"border:solid 1px #777\" width=\"800\" height=\"300\" frameborder=\"0\" scrolling=\"no\"><\/iframe><\/div>\n\t\t\t\t\t\t<\/div>\n\t\t\t\t<\/div>\n\t\t\t\t\t<\/div>\n\t\t\t\t<\/div>\n\t\t<div class=\"elementor-element elementor-element-f2a4e4a e-flex e-con-boxed e-con e-parent\" data-id=\"f2a4e4a\" data-element_type=\"container\" data-e-type=\"container\">\n\t\t\t\t\t<div class=\"e-con-inner\">\n\t\t\t\t<div class=\"elementor-element elementor-element-dfea6ed elementor-widget elementor-widget-menu-anchor\" data-id=\"dfea6ed\" data-element_type=\"widget\" data-e-type=\"widget\" data-widget_type=\"menu-anchor.default\">\n\t\t\t\t<div class=\"elementor-widget-container\">\n\t\t\t\t\t\t\t<div class=\"elementor-menu-anchor\" id=\"catechisme\"><\/div>\n\t\t\t\t\t\t<\/div>\n\t\t\t\t<\/div>\n\t\t\t\t\t<\/div>\n\t\t\t\t<\/div>\n\t\t<div class=\"elementor-element elementor-element-36be03d e-flex e-con-boxed e-con e-parent\" data-id=\"36be03d\" data-element_type=\"container\" data-e-type=\"container\" data-settings=\"{&quot;background_background&quot;:&quot;classic&quot;}\">\n\t\t\t\t\t<div class=\"e-con-inner\">\n\t\t\t\t<div class=\"elementor-element elementor-element-027f564 elementor-widget elementor-widget-heading\" data-id=\"027f564\" data-element_type=\"widget\" data-e-type=\"widget\" data-widget_type=\"heading.default\">\n\t\t\t\t<div class=\"elementor-widget-container\">\n\t\t\t\t\t<h2 class=\"elementor-heading-title elementor-size-default\">Cat\u00e9chisme CE1-CM2<\/h2>\t\t\t\t<\/div>\n\t\t\t\t<\/div>\n\t\t\t\t\t<\/div>\n\t\t\t\t<\/div>\n\t\t<div class=\"elementor-element elementor-element-fad725c e-flex e-con-boxed e-con e-parent\" data-id=\"fad725c\" data-element_type=\"container\" data-e-type=\"container\">\n\t\t\t\t\t<div class=\"e-con-inner\">\n\t\t<div class=\"elementor-element elementor-element-5579098 e-con-full e-flex e-con e-child\" data-id=\"5579098\" data-element_type=\"container\" data-e-type=\"container\">\n\t\t\t\t<div class=\"elementor-element elementor-element-47f034e elementor-widget elementor-widget-text-editor\" data-id=\"47f034e\" data-element_type=\"widget\" data-e-type=\"widget\" data-widget_type=\"text-editor.default\">\n\t\t\t\t<div class=\"elementor-widget-container\">\n\t\t\t\t\t\t\t\t\t<p>Rencontrer le Seigneur pour se mettre \u00e0 son \u00e9coute.<\/p><p>La cat\u00e9ch\u00e8se commence en CE1 ou CE2.<\/p><p>Dates d\u2019inscription affich\u00e9es<br \/>aux portes des \u00e9glises.<\/p><p>N\u2019h\u00e9sitez pas \u00e0 contacter les<br \/>coordinatrices de la cat\u00e9ch\u00e8se :<\/p><ul><li><strong>Groupement Ballancourt<\/strong><br \/>V\u00e9ronique Amathieu \u00b7 06 21 28 16 01<\/li><li><strong>Groupement Mennecy<\/strong><br \/>Dina Lecante \u00b7 06 48 24 49 90<\/li><li><strong>Groupement La Fert\u00e9-Alais<\/strong><br \/>Ang\u00e9lique Da Eira \u00b7 06 82 33 59 37<br \/>angelique.catechiste@gmail.com<\/li><\/ul>\t\t\t\t\t\t\t\t<\/div>\n\t\t\t\t<\/div>\n\t\t\t\t<\/div>\n\t\t<div class=\"elementor-element elementor-element-3a5570c e-con-full e-flex e-con e-child\" data-id=\"3a5570c\" data-element_type=\"container\" data-e-type=\"container\">\n\t\t\t\t<div class=\"elementor-element elementor-element-2d0eb19 elementor-widget elementor-widget-button\" data-id=\"2d0eb19\" data-element_type=\"widget\" data-e-type=\"widget\" data-widget_type=\"button.default\">\n\t\t\t\t<div class=\"elementor-widget-container\">\n\t\t\t\t\t\t\t\t\t<div class=\"elementor-button-wrapper\">\n\t\t\t\t\t<a class=\"elementor-button elementor-button-link elementor-size-sm\" href=\"https:\/\/my.rowshare.com\/survey\/b20c10229ffb405193e6fd56e64fa47e\">\n\t\t\t\t\t\t<span class=\"elementor-button-content-wrapper\">\n\t\t\t\t\t\t\t\t\t<span class=\"elementor-button-text\">Inscription en ligne pour le catechisme du groupement de Mennecy<\/span>\n\t\t\t\t\t<\/span>\n\t\t\t\t\t<\/a>\n\t\t\t\t<\/div>\n\t\t\t\t\t\t\t\t<\/div>\n\t\t\t\t<\/div>\n\t\t\t\t<\/div>\n\t\t\t\t\t<\/div>\n\t\t\t\t<\/div>\n\t\t<div class=\"elementor-element elementor-element-c207eb4 e-flex e-con-boxed e-con e-parent\" data-id=\"c207eb4\" data-element_type=\"container\" data-e-type=\"container\">\n\t\t\t\t\t<div class=\"e-con-inner\">\n\t\t\t\t<div class=\"elementor-element elementor-element-4964483 elementor-widget elementor-widget-shortcode\" data-id=\"4964483\" data-element_type=\"widget\" data-e-type=\"widget\" data-widget_type=\"shortcode.default\">\n\t\t\t\t<div class=\"elementor-widget-container\">\n\t\t\t\t\t\t\t<div class=\"elementor-shortcode\"><iframe src=\"https:\/\/calendar.google.com\/calendar\/embed?height=300&wkst=1&ctz=Europe%2FParis&showPrint=0&mode=AGENDA&src=YTQ4YjJmOWMxYThiZGU2MTdmZjEwZDUyMzcyYTNjMzg0YzQ5ZjdhNGYxY2VhMmE1NDY1Mzg2MzQwMDA4NjYyOEBncm91cC5jYWxlbmRhci5nb29nbGUuY29t&color=%23009688\" style=\"border:solid 1px #777\" width=\"800\" height=\"300\" frameborder=\"0\" scrolling=\"no\"><\/iframe><\/div>\n\t\t\t\t\t\t<\/div>\n\t\t\t\t<\/div>\n\t\t\t\t\t<\/div>\n\t\t\t\t<\/div>\n\t\t<div class=\"elementor-element elementor-element-dada44f e-flex e-con-boxed e-con e-parent\" data-id=\"dada44f\" data-element_type=\"container\" data-e-type=\"container\">\n\t\t\t\t\t<div class=\"e-con-inner\">\n\t\t\t\t<div class=\"elementor-element elementor-element-4374fe1 elementor-widget elementor-widget-menu-anchor\" data-id=\"4374fe1\" data-element_type=\"widget\" data-e-type=\"widget\" data-widget_type=\"menu-anchor.default\">\n\t\t\t\t<div class=\"elementor-widget-container\">\n\t\t\t\t\t\t\t<div class=\"elementor-menu-anchor\" id=\"sacrementenfants\"><\/div>\n\t\t\t\t\t\t<\/div>\n\t\t\t\t<\/div>\n\t\t\t\t\t<\/div>\n\t\t\t\t<\/div>\n\t\t<div class=\"elementor-element elementor-element-031ff78 e-flex e-con-boxed e-con e-parent\" data-id=\"031ff78\" data-element_type=\"container\" data-e-type=\"container\" data-settings=\"{&quot;background_background&quot;:&quot;classic&quot;}\">\n\t\t\t\t\t<div class=\"e-con-inner\">\n\t\t\t\t<div class=\"elementor-element elementor-element-3dd0a8d elementor-widget elementor-widget-heading\" data-id=\"3dd0a8d\" data-element_type=\"widget\" data-e-type=\"widget\" data-widget_type=\"heading.default\">\n\t\t\t\t<div class=\"elementor-widget-container\">\n\t\t\t\t\t<h2 class=\"elementor-heading-title elementor-size-default\">Sacrement enfants<\/h2>\t\t\t\t<\/div>\n\t\t\t\t<\/div>\n\t\t\t\t\t<\/div>\n\t\t\t\t<\/div>\n\t\t<div class=\"elementor-element elementor-element-b3355d4 e-flex e-con-boxed e-con e-parent\" data-id=\"b3355d4\" data-element_type=\"container\" data-e-type=\"container\">\n\t\t\t\t\t<div class=\"e-con-inner\">\n\t\t\t\t<div class=\"elementor-element elementor-element-4ea3742 elementor-widget elementor-widget-shortcode\" data-id=\"4ea3742\" data-element_type=\"widget\" data-e-type=\"widget\" data-widget_type=\"shortcode.default\">\n\t\t\t\t<div class=\"elementor-widget-container\">\n\t\t\t\t\t\t\t<div class=\"elementor-shortcode\"><iframe src=\"https:\/\/calendar.google.com\/calendar\/embed?height=300&wkst=1&ctz=Europe%2FParis&showPrint=0&mode=AGENDA&src=ZTczZjc2YzMxM2M2MmQ3NDE3YmFjMDllOTI5MTJmOTU4MjJkYmM2ZTU5ZGE4ODkwZmUwMDA1NzlmODg0ODI4NEBncm91cC5jYWxlbmRhci5nb29nbGUuY29t&src=Mjc0ZDk4YmIzNTMzYzQ2NjFkNzBjOTZhNTQ0ZWFhOWUzNDI5NjllOGRkYzA5ODJkMDBhNTZhOTJkNWE2NDgwN0Bncm91cC5jYWxlbmRhci5nb29nbGUuY29t&color=%23F09300&color=%23009688\" style=\"border:solid 1px #777\" width=\"800\" height=\"300\" frameborder=\"0\" scrolling=\"no\"><\/iframe><\/div>\n\t\t\t\t\t\t<\/div>\n\t\t\t\t<\/div>\n\t\t\t\t\t<\/div>\n\t\t\t\t<\/div>\n\t\t\t\t<\/div>\n\t\t","protected":false},"excerpt":{"rendered":"<p>Maternelle -CM2 Eveil \u00e0 la Foi 3-7 ans Sacrement enfants Cat\u00e9chisme CE1-CM2 Eveil \u00e0 la Foi 3-7 ans POUR LES ENFANTS DE 3 A 7 ANS ET LEUR FAMILLE. Le petit enfant est capable de Dieu d\u00e8s son plus jeune \u00e2ge Cinq ou six rencontres dans l&rsquo;ann\u00e9e sont pr\u00e9vues pour les enfants qui ont entre [&hellip;]<\/p>\n","protected":false},"author":8,"featured_media":0,"parent":0,"menu_order":0,"comment_status":"closed","ping_status":"closed","template":"","meta":{"footnotes":""},"class_list":["post-8759","page","type-page","status-publish","hentry"],"jetpack_sharing_enabled":true,"_links":{"self":[{"href":"https:\/\/www.secteur-lafertealais.fr\/index.php\/wp-json\/wp\/v2\/pages\/8759"}],"collection":[{"href":"https:\/\/www.secteur-lafertealais.fr\/index.php\/wp-json\/wp\/v2\/pages"}],"about":[{"href":"https:\/\/www.secteur-lafertealais.fr\/index.php\/wp-json\/wp\/v2\/types\/page"}],"author":[{"embeddable":true,"href":"https:\/\/www.secteur-lafertealais.fr\/index.php\/wp-json\/wp\/v2\/users\/8"}],"replies":[{"embeddable":true,"href":"https:\/\/www.secteur-lafertealais.fr\/index.php\/wp-json\/wp\/v2\/comments?post=8759"}],"version-history":[{"count":30,"href":"https:\/\/www.secteur-lafertealais.fr\/index.php\/wp-json\/wp\/v2\/pages\/8759\/revisions"}],"predecessor-version":[{"id":9610,"href":"https:\/\/www.secteur-lafertealais.fr\/index.php\/wp-json\/wp\/v2\/pages\/8759\/revisions\/9610"}],"wp:attachment":[{"href":"https:\/\/www.secteur-lafertealais.fr\/index.php\/wp-json\/wp\/v2\/media?parent=8759"}],"curies":[{"name":"wp","href":"https:\/\/api.w.org\/{rel}","templated":true}]}}